t c be z(6). Let a = c + o. What is the units digit of a?
2
What is the units digit of 56/(-14) + 22/2?
7
Let i(n) = n**2 + 4*n. Let h be i(-4). What is the units digit of (h + 1)*(-27)/(-3)?
9
Suppose 8*s - 12 = 36. What is the units digit of s?
6
Suppose 0 = -a - 5*v + 9, -4*a - 7 + 20 = -3*v. Suppose 0 = 5*w - 3*p - 48, a*p - 2 - 3 = -w. What is the units digit of w?
9
Suppose -h = 1 - 5. Suppose t + p + 1 = -4*p, -h*t = 2*p - 68. What is the tens digit of t?
1
Suppose 2*a - a + 8 = 0. Let k(r) = -r**3 - 8*r**2 - r. What is the units digit of k(a)?
8
Suppose -6*q = -5*s - 2*q + 464, -3*s - 4*q + 272 = 0. What is the units digit of s?
2
Let w(b) = b + 16. Let j be w(-13). Suppose j*c + 3*q - 33 = 0, -c + 4*c - 5*q - 57 = 0. What is the units digit of c?
4
Let o(q) = -q**2 + 6*q - 4. Let g be o(6). Let l(t) = -3*t - 5. What is the units digit of l(g)?
7
Let f(p) be the first derivative of -p**3/3 - 9*p**2/2 - 7*p + 2. What is the units digit of f(-8)?
1
Suppose p - 3*u = 7, 2*u = 6*u + 4. Suppose -p*r = -32 + 4. What is the units digit of r?
7
Let w(f) be the first derivative of f**3/3 - 3*f**2 - 9*f - 1. Let g be w(8). Suppose -4*c + 4*t + 16 = 0, -g*c + 2*c = t - 2. What is the units digit of c?
1
Suppose 5*r - 19 = -4*s + 4*r, r = -1. Suppose -t + 3*k + 0 = 13, -t - 3*k + 5 = 0. Let d = t + s. What is the units digit of d?
1
Let f(r) = r**2 - 7*r + 4. Let t be f(5). What is the units digit of t/(-1) - (-4 - -5)?
5
Suppose 0 = -5*s + 3*d + 250, -150 = -s - 2*s - d. What is the units digit of s?
0
Suppose -2*t + 8 = -6*t. What is the units digit of -4*(0 + 3/t)?
6
Let a(g) = -2*g - 1. Let m be a(-1). Let c = m - -8. What is the units digit of (-3)/(0 + -3)*c?
9
What is the units digit of 21/35 + 186/15?
3
Let r = -85 + 344. What is the tens digit of r?
5
Suppose 0 = n - k - 3, -3*n - 3*k + 1 = -2*k. Suppose -w - 4*w - n = c, 0 = -3*c + 5*w + 57. What is the units digit of c?
4
Suppose 6*g = g + 120. Let i = 52 - g. What is the units digit of i?
8
Let m = -194 - -338. What is the hundreds digit of m?
1
Let p be (-1)/4 - 1108/(-16). Let y = 97 - p. What is the units digit of y?
8
Suppose 0 = -3*d + 5*x + 28, x - 10 = -d + 3*x. What is the units digit of d?
6
Let d(f) = -2*f**3 - 2*f**2 - 2*f - 2. What is the tens digit of d(-2)?
1
Let x = 53 - 29. Suppose 3*b = b + x. What is the tens digit of b?
1
Let n(y) = -y**3 + 3*y**2 + 5*y + 2. Let k be n(4). Let d be (k*-1)/(-3 + 4). What is the units digit of 3/d + (-3)/(-2)?
1
Let u = 69 - -93. What is the units digit of u?
2
Let d(p) = p**3 + 3*p**2 + 2*p + 1. Let i be d(-2). Let c(q) = i - 6*q - 3*q + 2*q. What is the units digit of c(-1)?
8
What is the tens digit of (41/(-4))/((-13)/52)?
4
Let i(g) be the first derivative of g**2/2 + g - 2. Let q = 11 + -7. What is the units digit of i(q)?
5
Let f = 1 + -1. Suppose f = -i - i + 6. Suppose 2*s - 24 = -i*x - s, -2*s = 4*x - 30. What is the units digit of x?
7
Suppose 21*h = 18*h + 1014. What is the tens digit of h?
3
Let r(s) = -s**3 - 5*s**2 + 7*s + 5. Let k be r(-7). Suppose -4*b - 3*z = -k, -b + 2 + 2 = -4*z. What is the tens digit of b?
1
Let w be (4 - (-2 + 2)) + 1. Let m(v) = v**3 - 3*v**2 - 6*v - 4. What is the tens digit of m(w)?
1
Let a = 47 - 67. What is the units digit of 1/(-1 - a/18)?
9
Let q(o) = o**3 + 5*o**2 - 3*o - 2. Let b be q(-5). Let w be -2 + 0 + b + -2. What is the units digit of w*((1 - 3) + 3)?
9
Let i = 11 + 2. Let x = i + -9. What is the units digit of x?
4
Suppose -33 = -4*v - 5. What is the units digit of v?
7
Let r = 28 - 24. What is the units digit of r?
4
Suppose -2*h - 2*h + 24 = 0. Let o = h - 3. What is the units digit of o?
3
Let c(b) = 0*b**2 + b**3 - 2*b**2 - b**2 + 2 - 3*b**3. What is the units digit of c(-2)?
6
Suppose 2*v - 4*z = -2*v + 276, 0 = 4*v + 2*z - 252. What is the tens digit of v?
6
Suppose v = 3*s - 12, 2*v + 1 = s + 2. Let x be (-6)/5*(-10)/3. Suppose -x*q = -y + 11, 2*q = -4*y - v*q + 2. What is the units digit of y?
3
Suppose -8*l - 14 = -822. What is the tens digit of l?
0
Suppose -f = -4*f + 483. What is the hundreds digit of f?
1
Suppose 2*b + 37 + 20 = 3*o, -3*b - 96 = -o. Let p = 47 + b. Let r = -4 + p. What is the tens digit of r?
1
Suppose 2*g + g = s + 6, -s - 3*g = 12. Let b be s/(-2)*40/6. Let j = b + -21. What is the units digit of j?
9
Suppose 0 = 5*j + 15, -3*j - 21 - 9 = -3*l. Suppose -3*u + 7 = 5*n - l, -4*u - 4 = n. Suppose 0 = -4*i - 9 - 7, -3*i = -n*s + 84. What is the tens digit of s?
1
Let y = 26 + 147. Suppose d = f + 2*f - 146, 4*f + 3*d = y. What is the tens digit of f?
4
Suppose -5*c + 4*n + 7 - 33 = 0, 3*c + 17 = n. What is the tens digit of 2/3 - 170/c?
2
Let z(u) = u**2 + 3. Let o be z(0). Suppose -a + 4*y = 2*a - 20, 0 = o*y + 6. Suppose 32 = d - 5*b, 5*d - a*b + 3*b = 40. What is the units digit of d?
7
Let l(o) = -2*o + 6. Let n be l(5). Suppose 2*s + 3*v = -0*v - 1, 5*s - 14 = -2*v. Let m = s - n. What is the units digit of m?
8
Let m(i) = -3*i + 4. Let r be m(-3). Suppose r = 2*l - l. What is the units digit of l?
3
What is the units digit of (-2)/(44/48 - 1)?
4
Suppose -s = -4*y + 18, y - 5*y + 6 = 5*s. Suppose -y*z = -7*z. Suppose -3*l - 3*c = -0*c - 21, -3*l + 3*c + 9 = z. What is the units digit of l?
5
Let j = -17 - -21. Suppose j*a - 12 = 0, -5*v + 87 = 5*a + 27. What is the units digit of v?
9
Suppose -s = 6*p - 2*p - 171, -621 = -4*s + 5*p. What is the units digit of s?
9
Suppose -20 = 2*z + 2*w, 3*w - 20 = 3*z + 4*w. Let a = z + 3. What is the units digit of (-4 - 29)*a/6?
1
Suppose -66 = 5*a - 386. What is the tens digit of a?
6
Let k(u) = u - 2. Let j be k(2). Suppose f + 2 - 7 = j. Let w = 1 + f. What is the units digit of w?
6
Let c be ((-18)/12)/((-6)/20). Let a = -3 - -3. Suppose a = -c*m + 1 + 59. What is the units digit of m?
2
Let o = 13 - -24. Let d = -19 + o. What is the tens digit of d?
1
Suppose -4*v + 9 = -v + z, -3 = 3*v - 3*z. Suppose f = -v*q + q - 35, -f - 4*q - 23 = 0. Let t = 58 + f. What is the tens digit of t?
1
Let z = 5 - 9. Let y = -1 - 1. Let t = y - z. What is the units digit of t?
2
Let l = 100 - -152. What is the tens digit of l?
5
Suppose -2*o - o - 12 = 5*i, 5*i - 20 = 5*o. Suppose -4*f = -i*f - 132. What is the tens digit of f?
3
Let p(g) be the first derivative of -2*g**4 + g**3/3 + g**2 + g - 2. Let v(c) = c**3 + 4*c**2 - 1. Let n be v(-4). What is the units digit of p(n)?
8
Let g(j) be the second derivative of -j**5/20 - j**4/3 + 2*j**3/3 - 5*j**2 - 3*j. What is the units digit of g(-6)?
8
Let v(z) = -z**3 + 9*z**2 - 5*z - 4. Let b = -15 - -1. Let k = 22 + b. What is the tens digit of v(k)?
2
Let o(m) = m**2 + m - 2. Let v be o(2). Suppose 0 = -3*x - 3*b + 2*b + v, 5*b + 8 = -x. What is the tens digit of (-3)/(6/(-10))*x?
1
Suppose -108 = -4*k + 3*h, 3*k - k = -3*h + 72. Suppose 3*z - k = -d, 0*z = -z + 5. What is the units digit of d?
5
Let p = -9 - -27. What is the units digit of p?
8
Suppose -4*i + 20 = -4*q, -2*q - q - 15 = -2*i. Let f(n) be the third derivative of n**5/60 + n**4/4 + n**3 + n**2. What is the units digit of f(q)?
1
Let a be (36/(-27))/(1/(-39)). Suppose 6*q - 2*q - a = 0. What is the units digit of q?
3
Let r be (-1)/(1*(-2)/6). Suppose 4*u - r*u + 48 = 5*a, -3*a + 5*u + 42 = 0. What is the units digit of a?
9
Suppose -14 = -4*h - 2*u, -20 = -5*h - u - 4*u. Suppose 0*m - 3*m = 3*n - h, -5*m = -n + 25. What is the units digit of n?
5
Suppose 2*g + 108 - 342 = 0. What is the hundreds digit of g?
1
Let h = 6 - 4. Let s(a) = -15*a**h - 3*a + 11*a**2 - a + 2 + a**3. What is the units digit of s(5)?
7
Let h = 7 - -3. What is the tens digit of h?
1
Suppose 0 = -p - 24 + 78. What is the units digit of p?
4
Let y be (5 - 5) + 1 + 0. What is the tens digit of ((-20)/(-12))/(y/6)?
1
Let w = 152 - 100. What is the units digit of w?
2
Suppose -5*w + 15 = -2*w. Let r(m) = -4*m + 1 + 3*m + 5. What is the units digit of r(w)?
1
Suppose 0 = -c + 3*f + 208, -5*c + 6*c - 213 = 4*f. What is the hundreds digit of c?
1
Let x(h) = -h**3 + 8*h**2 - 10*h + 6. Let i be x(7). What is the tens digit of ((-24)/15)/(2/i)?
1
What is the tens digit of 3 + 24/9*108?
9
Suppose 0 = b - 78 + 11. What is the units digit of b?
7
Suppose -72 = v - 5*v. Suppose -2 + v = 4*k. What is the units digit of k?
4
Suppose -3*n = 2*n - 50. Let 